{"id":6485,"date":"2023-10-25T17:01:16","date_gmt":"2023-10-25T14:01:16","guid":{"rendered":"https:\/\/www.lastchance.deals\/fi\/product\/seinakello-karlsberg-3-kpl-setti-1-kello2-peilit-kulta-25-4x-25-4cm-25-4x-25-4cm-25-4x-25-4cm\/"},"modified":"2025-09-20T03:09:02","modified_gmt":"2025-09-20T00:09:02","slug":"seinakello-karlsberg-3-kpl-setti-1-kello2-peilit-kulta-25-4x-25-4cm-25-4x-25-4cm-25-4x-25-4cm","status":"publish","type":"product","link":"https:\/\/last-chance.fi\/?product=seinakello-karlsberg-3-kpl-setti-1-kello2-peilit-kulta-25-4x-25-4cm-25-4x-25-4cm-25-4x-25-4cm","title":{"rendered":"Sein\u00e4kello Karlsberg 3 kpl setti, 1 kello+2 peilit kulta 25.4x 25.4cm , 25.4x 25.4cm , 25.4x 25.4cm"},"content":{"rendered":"<p>Tee kodistasi tyylik\u00e4s ja yhten\u00e4inen ForrestDecorin sein\u00e4kello Karlsberg 3 kpl setill\u00e4. Setti sis\u00e4lt\u00e4\u00e4 yhden kultaisen lasisen sein\u00e4kellon ja kaksi samanv\u00e4rist\u00e4 ja -kokoista peili\u00e4, jotka voit asetella haluamallasi tavalla. Sein\u00e4kello on tarkoitettu sis\u00e4k\u00e4ytt\u00f6\u00f6n ja se n\u00e4ytt\u00e4\u00e4 ajan selke\u00e4sti ja tyylikk\u00e4\u00e4sti. Peilit heijastavat valoa ja luovat tilantuntua. Setti sopii erinomaisesti olohuoneeseen, makuuhuoneeseen tai eteiseen. Sein\u00e4kello Karlsberg 3 kpl setti on valmistettu laadukkaista materiaaleista ja sill\u00e4 on 12 kuukauden takuu. Tilaa omasi nyt ja nauti uudesta ilmeest\u00e4 kodissasi!<\/p>\n<p><\/p>\n<p>Toimitusaika: Toimitusaika 1 viikko<br \/>\nMateriaali: lasi,muovi<br \/>\nV\u00e4ri: kulta<br \/>\nMitat: 25.4x 25.4cm , 25.4x 25.4cm , 25.4x 25.4cm<br \/>\nTarkoitettu: sis\u00e4k\u00e4ytt\u00f6\u00f6n<br \/>\nValmistaja: ForrestDecor<br \/>\nTakuu: 12kk<\/p>\n","protected":false},"excerpt":{"rendered":"<p>Tee kodistasi tyylik\u00e4s ja yhten\u00e4inen ForrestDecorin sein\u00e4kello Karlsberg 3 kpl setill\u00e4. Setti sis\u00e4lt\u00e4\u00e4 yhden kultaisen lasisen sein\u00e4kellon ja kaksi samanv\u00e4rist\u00e4 ja -kokoista peili\u00e4, jotka voit asetella haluamallasi tavalla. Sein\u00e4kello on tarkoitettu sis\u00e4k\u00e4ytt\u00f6\u00f6n ja se n\u00e4ytt\u00e4\u00e4 ajan selke\u00e4sti ja tyylikk\u00e4\u00e4sti. Peilit heijastavat valoa ja luovat tilantuntua. Setti sopii erinomaisesti olohuoneeseen, makuuhuoneeseen tai eteiseen. Sein\u00e4kello Karlsberg 3 [&hellip;]<\/p>\n","protected":false},"featured_media":6476,"comment_status":"open","ping_status":"closed","template":"","meta":[],"product_brand":[],"product_cat":[78],"product_tag":[],"class_list":{"0":"post-6485","1":"product","2":"type-product","3":"status-publish","4":"has-post-thumbnail","6":"product_cat-seinapeilit","8":"first","9":"instock","10":"shipping-taxable","11":"purchasable","12":"product-type-simple"},"yoast_head":"<!-- This site is optimized with the Yoast SEO plugin v23.8 - https:\/\/yoast.com\/wordpress\/plugins\/seo\/ -->\n<title>Sein\u00e4kello Karlsberg 3 kpl setti, 1 kello+2 peilit kulta 25.4x 25.4cm , 25.4x 25.4cm , 25.4x 25.4cm - LASTCHANCE Deals | Suomi<\/title>\n<meta name=\"robots\" content=\"index, follow, max-snippet:-1, max-image-preview:large, max-video-preview:-1\" \/>\n<link rel=\"canonical\" href=\"https:\/\/last-chance.fi\/?product=seinakello-karlsberg-3-kpl-setti-1-kello2-peilit-kulta-25-4x-25-4cm-25-4x-25-4cm-25-4x-25-4cm\" \/>\n<meta property=\"og:locale\" content=\"fi_FI\" \/>\n<meta property=\"og:type\" content=\"article\" \/>\n<meta property=\"og:title\" content=\"Sein\u00e4kello Karlsberg 3 kpl setti, 1 kello+2 peilit kulta 25.4x 25.4cm , 25.4x 25.4cm , 25.4x 25.4cm - LASTCHANCE Deals | Suomi\" \/>\n<meta property=\"og:description\" content=\"Tee kodistasi tyylik\u00e4s ja yhten\u00e4inen ForrestDecorin sein\u00e4kello Karlsberg 3 kpl setill\u00e4. Setti sis\u00e4lt\u00e4\u00e4 yhden kultaisen lasisen sein\u00e4kellon ja kaksi samanv\u00e4rist\u00e4 ja -kokoista peili\u00e4, jotka voit asetella haluamallasi tavalla. Sein\u00e4kello on tarkoitettu sis\u00e4k\u00e4ytt\u00f6\u00f6n ja se n\u00e4ytt\u00e4\u00e4 ajan selke\u00e4sti ja tyylikk\u00e4\u00e4sti. Peilit heijastavat valoa ja luovat tilantuntua. Setti sopii erinomaisesti olohuoneeseen, makuuhuoneeseen tai eteiseen. Sein\u00e4kello Karlsberg 3 [&hellip;]\" \/>\n<meta property=\"og:url\" content=\"https:\/\/last-chance.fi\/?product=seinakello-karlsberg-3-kpl-setti-1-kello2-peilit-kulta-25-4x-25-4cm-25-4x-25-4cm-25-4x-25-4cm\" \/>\n<meta property=\"og:site_name\" content=\"LASTCHANCE Deals | Suomi\" \/>\n<meta property=\"article:modified_time\" content=\"2025-09-20T00:09:02+00:00\" \/>\n<meta property=\"og:image\" content=\"https:\/\/last-chance.fi\/wp-content\/uploads\/2023\/10\/yw-3-3-1.jpg\" \/>\n\t<meta property=\"og:image:width\" content=\"1200\" \/>\n\t<meta property=\"og:image:height\" content=\"1200\" \/>\n\t<meta property=\"og:image:type\" content=\"image\/jpeg\" \/>\n<meta name=\"twitter:card\" content=\"summary_large_image\" \/>\n<meta name=\"twitter:label1\" content=\"Arvioitu lukuaika\" \/>\n\t<meta name=\"twitter:data1\" content=\"1 minuutti\" \/>\n<script type=\"application\/ld+json\" class=\"yoast-schema-graph\">{\"@context\":\"https:\/\/schema.org\",\"@graph\":[{\"@type\":\"WebPage\",\"@id\":\"https:\/\/last-chance.fi\/?product=seinakello-karlsberg-3-kpl-setti-1-kello2-peilit-kulta-25-4x-25-4cm-25-4x-25-4cm-25-4x-25-4cm\",\"url\":\"https:\/\/last-chance.fi\/?product=seinakello-karlsberg-3-kpl-setti-1-kello2-peilit-kulta-25-4x-25-4cm-25-4x-25-4cm-25-4x-25-4cm\",\"name\":\"Sein\u00e4kello Karlsberg 3 kpl setti, 1 kello+2 peilit kulta 25.4x 25.4cm , 25.4x 25.4cm , 25.4x 25.4cm - LASTCHANCE Deals | Suomi\",\"isPartOf\":{\"@id\":\"https:\/\/last-chance.fi\/#website\"},\"primaryImageOfPage\":{\"@id\":\"https:\/\/last-chance.fi\/?product=seinakello-karlsberg-3-kpl-setti-1-kello2-peilit-kulta-25-4x-25-4cm-25-4x-25-4cm-25-4x-25-4cm#primaryimage\"},\"image\":{\"@id\":\"https:\/\/last-chance.fi\/?product=seinakello-karlsberg-3-kpl-setti-1-kello2-peilit-kulta-25-4x-25-4cm-25-4x-25-4cm-25-4x-25-4cm#primaryimage\"},\"thumbnailUrl\":\"https:\/\/last-chance.fi\/wp-content\/uploads\/2023\/10\/yw-3-3-1.jpg\",\"datePublished\":\"2023-10-25T14:01:16+00:00\",\"dateModified\":\"2025-09-20T00:09:02+00:00\",\"breadcrumb\":{\"@id\":\"https:\/\/last-chance.fi\/?product=seinakello-karlsberg-3-kpl-setti-1-kello2-peilit-kulta-25-4x-25-4cm-25-4x-25-4cm-25-4x-25-4cm#breadcrumb\"},\"inLanguage\":\"fi\",\"potentialAction\":[{\"@type\":\"ReadAction\",\"target\":[\"https:\/\/last-chance.fi\/?product=seinakello-karlsberg-3-kpl-setti-1-kello2-peilit-kulta-25-4x-25-4cm-25-4x-25-4cm-25-4x-25-4cm\"]}]},{\"@type\":\"ImageObject\",\"inLanguage\":\"fi\",\"@id\":\"https:\/\/last-chance.fi\/?product=seinakello-karlsberg-3-kpl-setti-1-kello2-peilit-kulta-25-4x-25-4cm-25-4x-25-4cm-25-4x-25-4cm#primaryimage\",\"url\":\"https:\/\/last-chance.fi\/wp-content\/uploads\/2023\/10\/yw-3-3-1.jpg\",\"contentUrl\":\"https:\/\/last-chance.fi\/wp-content\/uploads\/2023\/10\/yw-3-3-1.jpg\",\"width\":1200,\"height\":1200},{\"@type\":\"BreadcrumbList\",\"@id\":\"https:\/\/last-chance.fi\/?product=seinakello-karlsberg-3-kpl-setti-1-kello2-peilit-kulta-25-4x-25-4cm-25-4x-25-4cm-25-4x-25-4cm#breadcrumb\",\"itemListElement\":[{\"@type\":\"ListItem\",\"position\":1,\"name\":\"Home\",\"item\":\"https:\/\/last-chance.fi\/\"},{\"@type\":\"ListItem\",\"position\":2,\"name\":\"Sein\u00e4kello Karlsberg 3 kpl setti, 1 kello+2 peilit kulta 25.4x 25.4cm , 25.4x 25.4cm , 25.4x 25.4cm\"}]},{\"@type\":\"WebSite\",\"@id\":\"https:\/\/last-chance.fi\/#website\",\"url\":\"https:\/\/last-chance.fi\/\",\"name\":\"LASTCHANCE Deals | Suomi\",\"description\":\"LASTCHANCE Deals | Suomi\",\"publisher\":{\"@id\":\"https:\/\/last-chance.fi\/#organization\"},\"potentialAction\":[{\"@type\":\"SearchAction\",\"target\":{\"@type\":\"EntryPoint\",\"urlTemplate\":\"https:\/\/last-chance.fi\/?s={search_term_string}\"},\"query-input\":{\"@type\":\"PropertyValueSpecification\",\"valueRequired\":true,\"valueName\":\"search_term_string\"}}],\"inLanguage\":\"fi\"},{\"@type\":\"Organization\",\"@id\":\"https:\/\/last-chance.fi\/#organization\",\"name\":\"LASTCHANCE Deals | Suomi\",\"url\":\"https:\/\/last-chance.fi\/\",\"logo\":{\"@type\":\"ImageObject\",\"inLanguage\":\"fi\",\"@id\":\"https:\/\/last-chance.fi\/#\/schema\/logo\/image\/\",\"url\":\"https:\/\/last-chance.fi\/wp-content\/uploads\/2023\/10\/lastchancedeals_logo_fi_white-1.png\",\"contentUrl\":\"https:\/\/last-chance.fi\/wp-content\/uploads\/2023\/10\/lastchancedeals_logo_fi_white-1.png\",\"width\":470,\"height\":110,\"caption\":\"LASTCHANCE Deals | Suomi\"},\"image\":{\"@id\":\"https:\/\/last-chance.fi\/#\/schema\/logo\/image\/\"}}]}<\/script>\n<!-- \/ Yoast SEO plugin. -->","yoast_head_json":{"title":"Sein\u00e4kello Karlsberg 3 kpl setti, 1 kello+2 peilit kulta 25.4x 25.4cm , 25.4x 25.4cm , 25.4x 25.4cm - LASTCHANCE Deals | Suomi","robots":{"index":"index","follow":"follow","max-snippet":"max-snippet:-1","max-image-preview":"max-image-preview:large","max-video-preview":"max-video-preview:-1"},"canonical":"https:\/\/last-chance.fi\/?product=seinakello-karlsberg-3-kpl-setti-1-kello2-peilit-kulta-25-4x-25-4cm-25-4x-25-4cm-25-4x-25-4cm","og_locale":"fi_FI","og_type":"article","og_title":"Sein\u00e4kello Karlsberg 3 kpl setti, 1 kello+2 peilit kulta 25.4x 25.4cm , 25.4x 25.4cm , 25.4x 25.4cm - LASTCHANCE Deals | Suomi","og_description":"Tee kodistasi tyylik\u00e4s ja yhten\u00e4inen ForrestDecorin sein\u00e4kello Karlsberg 3 kpl setill\u00e4. Setti sis\u00e4lt\u00e4\u00e4 yhden kultaisen lasisen sein\u00e4kellon ja kaksi samanv\u00e4rist\u00e4 ja -kokoista peili\u00e4, jotka voit asetella haluamallasi tavalla. Sein\u00e4kello on tarkoitettu sis\u00e4k\u00e4ytt\u00f6\u00f6n ja se n\u00e4ytt\u00e4\u00e4 ajan selke\u00e4sti ja tyylikk\u00e4\u00e4sti. Peilit heijastavat valoa ja luovat tilantuntua. Setti sopii erinomaisesti olohuoneeseen, makuuhuoneeseen tai eteiseen. Sein\u00e4kello Karlsberg 3 [&hellip;]","og_url":"https:\/\/last-chance.fi\/?product=seinakello-karlsberg-3-kpl-setti-1-kello2-peilit-kulta-25-4x-25-4cm-25-4x-25-4cm-25-4x-25-4cm","og_site_name":"LASTCHANCE Deals | Suomi","article_modified_time":"2025-09-20T00:09:02+00:00","og_image":[{"width":1200,"height":1200,"url":"https:\/\/last-chance.fi\/wp-content\/uploads\/2023\/10\/yw-3-3-1.jpg","type":"image\/jpeg"}],"twitter_card":"summary_large_image","twitter_misc":{"Arvioitu lukuaika":"1 minuutti"},"schema":{"@context":"https:\/\/schema.org","@graph":[{"@type":"WebPage","@id":"https:\/\/last-chance.fi\/?product=seinakello-karlsberg-3-kpl-setti-1-kello2-peilit-kulta-25-4x-25-4cm-25-4x-25-4cm-25-4x-25-4cm","url":"https:\/\/last-chance.fi\/?product=seinakello-karlsberg-3-kpl-setti-1-kello2-peilit-kulta-25-4x-25-4cm-25-4x-25-4cm-25-4x-25-4cm","name":"Sein\u00e4kello Karlsberg 3 kpl setti, 1 kello+2 peilit kulta 25.4x 25.4cm , 25.4x 25.4cm , 25.4x 25.4cm - LASTCHANCE Deals | Suomi","isPartOf":{"@id":"https:\/\/last-chance.fi\/#website"},"primaryImageOfPage":{"@id":"https:\/\/last-chance.fi\/?product=seinakello-karlsberg-3-kpl-setti-1-kello2-peilit-kulta-25-4x-25-4cm-25-4x-25-4cm-25-4x-25-4cm#primaryimage"},"image":{"@id":"https:\/\/last-chance.fi\/?product=seinakello-karlsberg-3-kpl-setti-1-kello2-peilit-kulta-25-4x-25-4cm-25-4x-25-4cm-25-4x-25-4cm#primaryimage"},"thumbnailUrl":"https:\/\/last-chance.fi\/wp-content\/uploads\/2023\/10\/yw-3-3-1.jpg","datePublished":"2023-10-25T14:01:16+00:00","dateModified":"2025-09-20T00:09:02+00:00","breadcrumb":{"@id":"https:\/\/last-chance.fi\/?product=seinakello-karlsberg-3-kpl-setti-1-kello2-peilit-kulta-25-4x-25-4cm-25-4x-25-4cm-25-4x-25-4cm#breadcrumb"},"inLanguage":"fi","potentialAction":[{"@type":"ReadAction","target":["https:\/\/last-chance.fi\/?product=seinakello-karlsberg-3-kpl-setti-1-kello2-peilit-kulta-25-4x-25-4cm-25-4x-25-4cm-25-4x-25-4cm"]}]},{"@type":"ImageObject","inLanguage":"fi","@id":"https:\/\/last-chance.fi\/?product=seinakello-karlsberg-3-kpl-setti-1-kello2-peilit-kulta-25-4x-25-4cm-25-4x-25-4cm-25-4x-25-4cm#primaryimage","url":"https:\/\/last-chance.fi\/wp-content\/uploads\/2023\/10\/yw-3-3-1.jpg","contentUrl":"https:\/\/last-chance.fi\/wp-content\/uploads\/2023\/10\/yw-3-3-1.jpg","width":1200,"height":1200},{"@type":"BreadcrumbList","@id":"https:\/\/last-chance.fi\/?product=seinakello-karlsberg-3-kpl-setti-1-kello2-peilit-kulta-25-4x-25-4cm-25-4x-25-4cm-25-4x-25-4cm#breadcrumb","itemListElement":[{"@type":"ListItem","position":1,"name":"Home","item":"https:\/\/last-chance.fi\/"},{"@type":"ListItem","position":2,"name":"Sein\u00e4kello Karlsberg 3 kpl setti, 1 kello+2 peilit kulta 25.4x 25.4cm , 25.4x 25.4cm , 25.4x 25.4cm"}]},{"@type":"WebSite","@id":"https:\/\/last-chance.fi\/#website","url":"https:\/\/last-chance.fi\/","name":"LASTCHANCE Deals | Suomi","description":"LASTCHANCE Deals | Suomi","publisher":{"@id":"https:\/\/last-chance.fi\/#organization"},"potentialAction":[{"@type":"SearchAction","target":{"@type":"EntryPoint","urlTemplate":"https:\/\/last-chance.fi\/?s={search_term_string}"},"query-input":{"@type":"PropertyValueSpecification","valueRequired":true,"valueName":"search_term_string"}}],"inLanguage":"fi"},{"@type":"Organization","@id":"https:\/\/last-chance.fi\/#organization","name":"LASTCHANCE Deals | Suomi","url":"https:\/\/last-chance.fi\/","logo":{"@type":"ImageObject","inLanguage":"fi","@id":"https:\/\/last-chance.fi\/#\/schema\/logo\/image\/","url":"https:\/\/last-chance.fi\/wp-content\/uploads\/2023\/10\/lastchancedeals_logo_fi_white-1.png","contentUrl":"https:\/\/last-chance.fi\/wp-content\/uploads\/2023\/10\/lastchancedeals_logo_fi_white-1.png","width":470,"height":110,"caption":"LASTCHANCE Deals | Suomi"},"image":{"@id":"https:\/\/last-chance.fi\/#\/schema\/logo\/image\/"}}]}},"_links":{"self":[{"href":"https:\/\/last-chance.fi\/index.php?rest_route=\/wp\/v2\/product\/6485","targetHints":{"allow":["GET"]}}],"collection":[{"href":"https:\/\/last-chance.fi\/index.php?rest_route=\/wp\/v2\/product"}],"about":[{"href":"https:\/\/last-chance.fi\/index.php?rest_route=\/wp\/v2\/types\/product"}],"replies":[{"embeddable":true,"href":"https:\/\/last-chance.fi\/index.php?rest_route=%2Fwp%2Fv2%2Fcomments&post=6485"}],"wp:featuredmedia":[{"embeddable":true,"href":"https:\/\/last-chance.fi\/index.php?rest_route=\/wp\/v2\/media\/6476"}],"wp:attachment":[{"href":"https:\/\/last-chance.fi\/index.php?rest_route=%2Fwp%2Fv2%2Fmedia&parent=6485"}],"wp:term":[{"taxonomy":"product_brand","embeddable":true,"href":"https:\/\/last-chance.fi\/index.php?rest_route=%2Fwp%2Fv2%2Fproduct_brand&post=6485"},{"taxonomy":"product_cat","embeddable":true,"href":"https:\/\/last-chance.fi\/index.php?rest_route=%2Fwp%2Fv2%2Fproduct_cat&post=6485"},{"taxonomy":"product_tag","embeddable":true,"href":"https:\/\/last-chance.fi\/index.php?rest_route=%2Fwp%2Fv2%2Fproduct_tag&post=6485"}],"curies":[{"name":"wp","href":"https:\/\/api.w.org\/{rel}","templated":true}]}}